1?
-122120
In base 3, what is 120020 + 11200102?
12020122
In base 15, what is -25 + 1e7?
1c2
In base 8, what is -1614 + -257?
-2073
In base 12, what is 16 - 6844b?
-68435
In base 8, what is 4404 - -7?
4413
In base 11, what is 76 + -17393?
-17318
In base 10, what is -4 - 656132?
-656136
In base 2, what is 100 - -100011100000101101?
100011100000110001
In base 8, what is 3 - -535202?
535205
In base 3, what is 2 + 1022101212?
1022101221
In base 6, what is 303 + -203020?
-202313
In base 13, what is -126 - -121?
-5
In base 3, what is -12102021 - -1022?
-12100222
In base 11, what is a - -1a144?
1a153
In base 3, what is 1121012 + -1020202?
100110
In base 14, what is 3 - 14b7?
-14b4
In base 11, what is -78523 + 3?
-78520
In base 15, what is 6a - -1827?
1892
In base 8, what is -5 + -523642?
-523647
In base 8, what is -7 + 166655?
166646
In base 16, what is -3 + -4932?
-4935
In base 10, what is 18 - -29156?
29174
In base 13, what is -1 - 121ca5?
-121ca6
In base 12, what is -1207baa + 2?
-1207ba8
In base 2, what is -110000100111011101 - 10?
-110000100111011111
In base 13, what is -7 - 21885?
-2188c
In base 16, what is e2 + 1f70?
2052
In base 16, what is -10b3 + 8?
-10ab
In base 9, what is -5 - 4385?
-4401
In base 5, what is -10212324 - 10?
-10212334
In base 10, what is 5037 - -1?
5038
In base 8, what is 1030040 - 25?
1030013
In base 10, what is -1511 + -2?
-1513
In base 13, what is -45 - 3c4?
-439
In base 15, what is 702b - -2?
702d
In base 3, what is -1212122 - -12221?
-1122201
In base 15, what is 10467 - 2?
10465
In base 9, what is 8266 + 200?
8466
In base 12, what is -1 + -53820?
-53821
In base 5, what is -2 - 44210413?
-44210420
In base 14, what is 4 - -1856?
185a
In base 11, what is 298 + -17?
281
In base 14, what is -11a6 - -128?
-107c
In base 4, what is -2321102 + -20?
-2321122
In base 14, what is -3a4 + 16c?
-236
In base 9, what is 11133 + 0?
11133
In base 13, what is ca14 + -3?
ca11
In base 14, what is -1 - -3d7a2?
3d7a1
In base 7, what is 132351 + -14?
132334
In base 9, what is -172611 + 2?
-172608
In base 13, what is 170 - 382?
-212
In base 12, what is -2 - 152092?
-152094
In base 9, what is 64 + -5133?
-5058
In base 16, what is -17fc0 + -1?
-17fc1
In base 15, what is 634 + 10?
644
In base 5, what is 114144 + 4?
114203
In base 8, what is -77 + 2061?
1762
In base 4, what is -20 - 1020131?
-1020211
In base 15, what is d81 - -4?
d85
In base 10, what is -40 + -149?
-189
In base 13, what is 19 + 9112?
912b
In base 7, what is 4 - -13323150?
13323154
In base 13, what is 1036b + 3c?
103aa
In base 4, what is -132320 + -32?
-133012
In base 9, what is 1844 + 225?
2170
In base 12, what is -3 - -496b13?
496b10
In base 16, what is -7 + d734?
d72d
In base 10, what is -720 + 1554?
834
In base 3, what is 1011122 + 2002?
1020201
In base 5, what is -410 + 3310?
2400
In base 3, what is -2122220 - -100?
-2122120
In base 6, what is 21035340 - 4?
21035332
In base 14, what is 1ac5 + 2?
1ac7
In base 7, what is 150620 + -5?
150612
In base 4, what is -3 + 20013313?
20013310
In base 5, what is -10 + 114313233?
114313223
In base 7, what is 2 - -11215?
11220
In base 6, what is 10200 + -41?
10115
In base 8, what is -104 + -17326?
-17432
In base 5, what is 2 - -430134?
430141
In base 3, what is -1 + 21021?
21020
In base 8, what is -134 + -727?
-1063
In base 9, what is -652 - 5313?
-6065
In base 7, what is 145 + 653?
1131
In base 4, what is -10 + 2111203?
2111133
In base 15, what is -7 - -2aa37?
2aa30
In base 8, what is 1210 - 1033?
155
In base 4, what is 20322203 + 20?
20322223
In base 14, what is 0 - 4501?
-4501
In base 15, what is -3 + e5d1?
e5cd
In base 2, what is 110010110 + -101100?
101101010
In base 3, what is -22 + -1000121121?
-1000121220
In base 15, what is -2a - 3ee4?
-401e
In base 4, what is -1033133 + 301?
-1032232
In base 16, what is f8 + -1e8?
-f0
In base 6, what is 5551 + 3?
5554
In base 15, what is -342 - -862?
520
In base 9, what is 3220 - -10?
3230
In base 5, what is 102 + -4033441?
-4033334
In base 12, what is 2514 + -46?
248a
In base 5, what is -1323422 - 2?
-1323424
In base 7, what is 152 - 12?
140
In base 11, what is 984125 + -4?
984121
In base 14, what is 360695 + 4?
360699
In base 16, what is 24cf + -48?
2487
In base 7, what is 1002 - 543?
126
In base 9, what is -36531 - 16?
-36547
In base 2, what is 10 - -100001100001000?
100001100001010
In base 4, what is -13 + 1002232330?
1002232311
In base 9, what is 120 - -1253?
1373
In base 10, what is -1 - -20942?
20941
In base 15, what is 6b2a - 7?
6b23
In base 13, what is -a3 + -6?
-a9
In base 5, what is 31114 - 233?
30331
In base 4, what is -1 + 10002012?
10002011
In base 9, what is 5 - 35075?
-35070
In base 9, what is -210304 + 5?
-210288
In base 10, what is 111 - -30?
141
In base 16, what is -a42 + 10?
-a32
In base 13, what is -1 - 5167?
-5168
In base 7, what is -43004 - 1?
-43005
In base 9, what is -1551 + -1015?
-2566
In base 15, what is -1c08 + 11?
-1be7
In base 5, what is 10 + -3413233?
-3413223
In base 7, what is 6 + 242404?
242413
In base 11, what is 23a - -577?
806
In base 13, what is 2 - 10738?
-10736
In base 3, what is 11 - -11120012222?
11120020010
In base 3, what is -11122012 - -20121?
-11101121
In base 12, what is 1 + -216a0?
-2169b
In base 10, what is 139437 + 4?
139441
In base 2, what is -11110001 + 1001111010?
110001001
In base 5, what is 10 + -104420?
-104410
In base 15, what is -5 - 4a76?
-4a7b
In base 10, what is -1114 + 12?
-1102
In base 7, what is 23 + 15510?
15533
In base 6, what is 3032212 - 4?
3032204
In base 11, what is 636 + 8?
643
In base 2, what is 11010100 + -1000110111?
-101100011
In base 5, what is 11420 - 2203?
4212
In base 5, what is 3023202 + 1?
3023203
In base 6, what is 4 - 215310?
-215302
In base 15, what is -6475 + 4?
-6471
In base 12, what is 3 - 30413?
-30410
In base 7, what is 0 - 1001201?
-1001201
In base 13, what is 36902 - 3?
368cc
In base 6, what is -43 + -425141?
-425224
In base 14, what is -9 - 1815?
-1820
In base 2, what is -100011 - 101010101011?
-101011001110
In base 2, what is 1110101110101000 - 100?
1110101110100100
In base 15, what is 746 - aa?
68b
In base 9, what is -2822302 - 0?
-2822302
In base 11, what is 253374 - -5?
253379
In base 16, what is 79b + a8?
843
In base 4, what is 1002 + 2202?
3210
In base 6, what is 23524 + -5?
23515
In base 9, what is -782 + -25?
-817
In base 5, what is -212 + -12022?
-12234
In base 4, what is -30331131 - -1?
-30331130
In base 13, what is b - -159c8?
15a06
In base 12, what is 137536 - -7?
137541
In base 3, what is 22 - -11011022?
11011121
In base 8, what is 16662 - -4?
16666
In base 7, what is 205553 - 21?
205532
In base 14, what is 21c32c - 0?
21c32c
In base 14, what is 6 - 18a0?
-1898
In base 14, what is 908 + -13d?
7a9
In base 13, what is 125 - 1006?
-bb1
In base 14, what is -a92 - 387?
-1039
In base 14, what is 4 - -651d?
6523
In base 12, what is 862 + -25?
839
In base 13, what is -c0c + -6?
-c15
In base 8, what is -22 + 111532?
111510
In base 9, what is -362724 - -3?
-362721
In base 16, what is -6 + -ace0?
-ace6
In base 6, what is -45520 - 5?
-45525
In base 4, what is 2012102 - -10132?
2022300
In base 6, what is 4035 - 34?
4001
In base 11, what is 182 - 3?
17a
In base 7, what is 3 + 524264?
524300
In base 4, what is -1223232320 - 11?
-1223232331
In base 12, what is 35 - 205?
-190
In base 16, what is -46eb6 - -4?
-46eb2
In base 11, what is 3562a9 - -2?
356300
In base 15, what is -d6d1d - -1?
-d6d1c
In base 2, what is -10000100 - -100010010?
10001110
In base 12, what is 87 + -6b2?
-627
In base 9, what is -5 - -302844?
302838
In base 2, what is 100 + 10011000010000?
10011000010100
In base 11, what is -3574 - -180?
-33a4
In base 12, what is 110865 + 1?
110866
In base 9, what is 1 + -626475?
-626474
In base 13, what is -c - -1039?
102a
In base 8, what is 4 + 740?
744
In base 9, what is 123285 - 5?
123280
In base 9, what is -23 - -1442?
1418
In base 4, what is 10 - 213023322?
-213023312
In base 5, what is 133400 + 12?
133412
In base 16, what is 114 + -8?
10c
In base 9, what is -3 + 356082?
356078
In base 6, what is 153130 + 25?
153155
In base 8, what is 0 + 25753?
25753
In base 9, what is -2 - -225481?
225478
In base 2, what is -11101011 + 1100010000011?
1011110011000
In base 4, what is -21010030 + -3?
-21010033
In b